 f and 408?
102
Let j(v) = -7*v - 35. Let g be j(-11). Let u be (-3)/30*-5*g. Let r(h) = 16*h - 6. Let o be r(3). Calculate the highest common factor of o and u.
21
Let c = 79692 + -79690. Let i(g) = -2*g - 3. Let h be i(-4). Suppose h*d + 4*m - 30 = 0, d = -d + 4*m + 40. Calculate the greatest common factor of c and d.
2
Suppose -2*s - h + 175 = 2*h, -82 = -s + 4*h. Suppose -28*u + 27*u = 4*g - s, 0 = 4*u + 4*g - 356. Calculate the highest common factor of 40 and u.
10
Let p(o) = 494*o + 990. Let l be p(-1). Calculate the greatest common divisor of l and 2666.
62
Let x(t) = -157*t - 624. Let c be x(-5). Calculate the highest common factor of c and 299.
23
Suppose -46707 = 25*f - 100339 - 327618. What is the highest common factor of f and 61?
61
Let v(q) = 45*q**3 + 2*q**2 - q - 3. Let g be v(-2). Let k = 608 + g. Calculate the highest common divisor of 30 and k.
15
Let r(b) = -4*b - 23. Let o be -1 + -1 + 3 + -9. Let j be r(o). Let f = j - -17. Calculate the highest common factor of f and 104.
26
Let o = -98 - -120. Suppose -614 = -o*k + 442. What is the greatest common factor of k and 28?
4
Let s = 11889 + -11714. Calculate the greatest common divisor of 3115 and s.
35
Suppose -2*m = r - 20, 3*m - 6*m = r - 24. Let z be (-862)/(-8) - 27/1944*-18. What is the greatest common divisor of r and z?
12
Let m(f) = 3*f + 10. Let n be m(23). Let u = 157 - n. Let z(y) = 12*y + 2. Let r be z(2). What is the highest common divisor of r and u?
26
Let g be (-1)/(2/(-423))*(-13)/(585/(-120)). Suppose 3*z - 54 - 67 = 5*x, 3*x - 247 = -5*z. Calculate the highest common divisor of z and g.
47
Let p(k) = 2673*k**2 + 508*k - 506. Let c be p(1). Calculate the highest common factor of 642 and c.
107
Let u(p) = -3*p - 7. Let k be u(-5). Let a(l) = 0 - 32*l - 3 - 5. Let y be a(-2). What is the greatest common factor of y and k?
8
Let r(l) = l**3 + 6*l**2 - l + 4. Let d be r(-5). Let s = d - 13. Let y = 488897 - 488891. Calculate the highest common divisor of y and s.
3
Let n be (-8976)/36*9/(-12). Calculate the greatest common factor of 1914 and n.
11
Suppose 49*x + 1008 = 121*x. Suppose 115 = 2*k + 5*j, -45 = -k - 5*j - 0*j. What is the highest common factor of k and x?
14
Let n be (9 - 88/12)*(4 + 134 - 0). What is the highest common divisor of 9430 and n?
230
Suppose -5*q = 2*u - 5044, 0 = -49*u + 51*u + 4*q - 5044. What is the highest common divisor of u and 65?
13
Suppose 3*x = 18, 5*q - 1197 = -47*x + 50*x. Let t be (-5 + 32)/(2 + -1). What is the greatest common divisor of q and t?
27
Let m(n) = -62*n + 568. Let d be m(9). What is the highest common divisor of 3700 and d?
10
Suppose -2*s = -4*w + 1201 + 423, 5*s = -3*w + 1205. Calculate the greatest common divisor of 30 and w.
15
Suppose 73*m - 1236 = 5334. Let b be 360/12*(-2)/(-4). Calculate the highest common factor of b and m.
15
Let c(k) be the second derivative of 13/2*k**2 + 7/12*k**4 + 10*k + 0 - 5/6*k**3. Let h be c(4). Calculate the greatest common factor of h and 21.
21
Let y = -16933 - -16997. What is the highest common factor of y and 20000?
32
Let p be ((-33)/(-4))/((-29900)/(-105600) - 3/11). What is the highest common factor of 1872 and p?
72
Let s = -378 + 404. Let h = s + -9. Calculate the greatest common factor of h and 323.
17
Let c(m) = m**3 + 3*m**2 + m - 4. Let d be 6/(-1)*(-6)/4. Let q be -2*(-3)/(d/6). Let g be c(q). Calculate the greatest common factor of 16 and g.
16
Let p be -1*1648*(-27)/(162/12). Calculate the greatest common divisor of 32 and p.
32
Suppose -222 = -2*g + 2*y, -9*g + 3*y + 229 = -7*g. Let a be 4/6 + (-4)/(-12). Let m be a/4 + 309/12. Calculate the highest common factor of m and g.
26
Suppose -1757*b = -1809*b + 506532. What is the highest common factor of 51 and b?
51
Let d be 20/3*(-27)/(-6). Let i = -1251 + 1446. What is the greatest common factor of d and i?
15
Suppose -18*f - 4*f = -133367 - 455991. Calculate the greatest common factor of 301 and f.
301
Suppose z = -x + 666, -4*z + 2694 = -30*x + 29*x. What is the highest common factor of z and 80?
16
Suppose 21*s - 31*s = -14520. What is the highest common divisor of 3 and s?
3
Let m(i) = -61*i - 27. Let s be m(-7). What is the highest common factor of s and 64?
16
Let t(c) = 4*c + 2. Suppose 2*s - r = 9, -12 = -28*s + 27*s - r. Let y be t(s). Let a = -2 + 8. Calculate the greatest common factor of y and a.
6
Let a(i) = -292*i + 2. Let t be a(-1). Let c = -28 + t. What is the highest common factor of c and 28?
14
Let a be 3 + -4 - (8 - (1 + -2)). Let o be 3/((a/15)/(-2)). What is the highest common divisor of o and 9?
9
Let t = -128 - -26. Let u be (-4578)/t - 4/(-34). What is the highest common factor of 30 and u?
15
Let t(z) = -60*z + 691. Let l be t(11). Calculate the highest common factor of l and 5983.
31
Suppose -f - 73 = 4*h, 0*f - 2*f = 10. Let b(y) = y**3 + 18*y**2 + 13*y + 22. Let z be b(h). What is the highest common factor of 10 and z?
10
Suppose -510 - 510 = -20*l. Calculate the greatest common factor of 1581 and l.
51
Let k be (-12)/(-26) - 305592/(-364). Calculate the highest common factor of 160 and k.
40
Let i = 1436 + -1366. Let w = -13 - -3. Let t = 24 + w. What is the highest common factor of i and t?
14
Let k = 28 + -42. Let c be k*3*(-2)/(-12)*-2. Suppose 0*z + 2*z - 2*a = c, 0 = -z - 4*a - 18. Calculate the highest common factor of 5 and z.
1
Let j = 39 + -23. Let w = j + -39. Let u = w - -34. What is the greatest common factor of 77 and u?
11
Let c(x) = x**3 + 5*x**2 + 6*x + 7. Let p be c(-3). Suppose 0 = p*m - 0*m - 441. Let v be 6/(-33) + 158/22. What is the greatest common divisor of m and v?
7
Let h(l) be the second derivative of l**5/20 + 5*l**4/4 + 7*l**3/3 + 11*l**2/2 + 88*l. Let b be h(-14). Calculate the highest common divisor of 11 and b.
11
Let j = 507 + -437. Let l be (-4)/(-3)*120/16. Calculate the highest common factor of j and l.
10
Suppose 12*c = -6655 + 39127. Calculate the greatest common factor of c and 55.
11
Let m be 6/(-24) - ((-123)/4)/3. Let v(p) = -p + 13. Let f be v(m). Let l(z) = 26*z**3 + 3*z - 2. Let g be l(1). What is the greatest common factor of g and f?
3
Suppose 5*g - 25 = -x + g, 151 = 4*x - g. Suppose -m = -3*m - 28. Let u be (-3622)/m - 16/(-56). Calculate the highest common factor of u and x.
37
Suppose -4*a + 3*v = -10375 + 2830, a + v - 1888 = 0. Calculate the greatest common divisor of a and 51.
51
Suppose -5*w - n + 19526 = 0, 3*w + 243*n - 11712 = 246*n. Calculate the greatest common factor of 110 and w.
55
Suppose k + 14 = 3*u, -3*u - 3 = -3*k - 21. Suppose 4*v - u*r = r + 37, -3*r = 15. Calculate the greatest common divisor of 3 and v.
3
Let t = 21885 + -21853. What is the greatest common divisor of 944 and t?
16
Let j be 0/(2/3*(-18)/(-12)). Suppose j = t + 4*w - 6*w - 35, -3*t - 3*w + 150 = 0. Let h = -48 - -78. What is the highest common factor of t and h?
15
Let w be (-192)/(-264)*22 - -7. Suppose -823 = -4*s + 237. Suppose 747 = 4*f - s. What is the highest common divisor of w and f?
23
Suppose -16*f + 424 - 40 = 0. What is the greatest common factor of f and 228?
12
Let m = -4633 + 4623. Suppose 0 = -4*x - 43 + 11. Let b be ((-2)/(x/m) - 0)*-52. What is the greatest common divisor of 52 and b?
26
Suppose 5*b - 39*m = -42*m + 3750, -4*m - 20 = 0. Suppose 2*o = b + 57. What is the greatest common divisor of 5 and o?
5
Let y = -48 + 75. Let i(d) = -55 + 23*d**2 + 4*d**3 - 34*d + 3 + 1 - 3*d**3. Let o be i(-24). What is the greatest common factor of o and y?
27
Suppose -333198 = -63*w + 150832 - 38368. What is the highest common factor of 54 and w?
54
Let p(m) = 3 + 16*m - 29*m - 4. Let f be p(-13). Let w(a) = 2*a**2 + 7*a + 6. Let d be w(-5). Calculate the greatest common divisor of f and d.
21
Let l be -3*(-12)/(-18) - (-6 + 1). Let z be (3 + -4)/(6/(-846)). What is the greatest common factor of z and l?
3
Suppose 1382 = 5*w + 2*n, -36*w + 5*n = -37*w + 281. Let v(o) = 3*o**2 - 7*o - 8. Let q be v(4). What is the highest common factor of q and w?
12
Let x = -10 - -13. Suppose 192 = x*z + 3*z. Suppose 13*k = 12*k + 320. Calculate the greatest common divisor of k and z.
32
Suppose -14*n = -13*n + f - 1110, -24 = 4*f. What is the greatest common divisor of 84 and n?
12
Suppose -4*h = -2*h - 12. Let t be 1/3 - (-64)/h. Let f = 4484 + -